{"id":7182,"date":"2026-04-10T14:21:00","date_gmt":"2026-04-10T20:21:00","guid":{"rendered":"https:\/\/www.habitatexpo.com\/negocios-247\/expositores\/calor-de-hogar\/"},"modified":"2026-04-10T16:08:53","modified_gmt":"2026-04-10T22:08:53","slug":"calor-de-hogar","status":"publish","type":"at_biz_dir","link":"https:\/\/www.habitatexpo.com\/negocios-247\/expositores\/calor-de-hogar\/","title":{"rendered":"Calor de Hogar"},"content":{"rendered":"<p>Empresa con 25 a\u00f1os de experiencia en proveer soluciones de calefacci\u00f3n y confort para todo tipo de edificios.<br \/>\nCalefacci\u00f3n por piso radiante, zoclos o radiadores, hidr\u00f3nica o el\u00e9ctrica.<br \/>\nChimeneas y firepits de le\u00f1a, gas, alcohol y el\u00e9ctricas.<br \/>\nBa\u00f1os de vapor y cuartos de sauna residenciales.<br \/>\nCalefactores infrarojos para interior o exterior.<\/p>\n","protected":false},"author":7,"comment_status":"closed","ping_status":"closed","template":"","atbdp_listing_types":[106],"at_biz_dir-category":[100,88,89,34,80,126],"at_biz_dir-location":[],"at_biz_dir-tags":[],"class_list":["post-7182","at_biz_dir","type-at_biz_dir","status-publish","has-post-thumbnail","hentry","atbdp_listing_types-general","at_biz_dir-category-acabados-y-recubrimientos","at_biz_dir-category-arquitectura","at_biz_dir-category-diseno","at_biz_dir-category-mobiliario","at_biz_dir-category-tecnologia","at_biz_dir-category-todas-las-categorias"],"aioseo_notices":[],"_links":{"self":[{"href":"https:\/\/www.habitatexpo.com\/negocios-247\/wp-json\/wp\/v2\/at_biz_dir\/7182","targetHints":{"allow":["GET"]}}],"collection":[{"href":"https:\/\/www.habitatexpo.com\/negocios-247\/wp-json\/wp\/v2\/at_biz_dir"}],"about":[{"href":"https:\/\/www.habitatexpo.com\/negocios-247\/wp-json\/wp\/v2\/types\/at_biz_dir"}],"author":[{"embeddable":true,"href":"https:\/\/www.habitatexpo.com\/negocios-247\/wp-json\/wp\/v2\/users\/7"}],"replies":[{"embeddable":true,"href":"https:\/\/www.habitatexpo.com\/negocios-247\/wp-json\/wp\/v2\/comments?post=7182"}],"wp:featuredmedia":[{"embeddable":true,"href":"https:\/\/www.habitatexpo.com\/negocios-247\/wp-json\/wp\/v2\/media\/7193"}],"wp:attachment":[{"href":"https:\/\/www.habitatexpo.com\/negocios-247\/wp-json\/wp\/v2\/media?parent=7182"}],"wp:term":[{"taxonomy":"atbdp_listing_types","embeddable":true,"href":"https:\/\/www.habitatexpo.com\/negocios-247\/wp-json\/wp\/v2\/atbdp_listing_types?post=7182"},{"taxonomy":"at_biz_dir-category","embeddable":true,"href":"https:\/\/www.habitatexpo.com\/negocios-247\/wp-json\/wp\/v2\/at_biz_dir-category?post=7182"},{"taxonomy":"at_biz_dir-location","embeddable":true,"href":"https:\/\/www.habitatexpo.com\/negocios-247\/wp-json\/wp\/v2\/at_biz_dir-location?post=7182"},{"taxonomy":"at_biz_dir-tags","embeddable":true,"href":"https:\/\/www.habitatexpo.com\/negocios-247\/wp-json\/wp\/v2\/at_biz_dir-tags?post=7182"}],"curies":[{"name":"wp","href":"https:\/\/api.w.org\/{rel}","templated":true}]}}

<p>Empresa con 25 años de experiencia en proveer soluciones de calefacción y confort para todo tipo de edificios.<br />
Calefacción por piso radiante, zoclos o radiadores, hidrónica o eléctrica.<br />
Chimeneas y firepits de leña, gas, alcohol y eléctricas.<br />
Baños de vapor y cuartos de sauna residenciales.<br />
Calefactores infrarojos para interior o exterior.</p>
