{"id":7175,"date":"2026-04-10T14:20:59","date_gmt":"2026-04-10T20:20:59","guid":{"rendered":"https:\/\/www.habitatexpo.com\/negocios-247\/expositores\/procovers\/"},"modified":"2026-04-10T16:26:09","modified_gmt":"2026-04-10T22:26:09","slug":"procovers","status":"publish","type":"at_biz_dir","link":"https:\/\/www.habitatexpo.com\/negocios-247\/expositores\/procovers\/","title":{"rendered":"PROCOVERS"},"content":{"rendered":"<p>Empresa mexicana l\u00edder en venta y distribuci\u00f3n de materiales de construcci\u00f3n ligera y acabados. Contamos con: Panel de yeso, pastas, recubrimiento para paredes, pisos y techos, Panel Rey, Dens Glass Gold, Permabase, Durock, Cempanel, paneles de fibrocemento, entre muchos m\u00e1s productos.<\/p>\n","protected":false},"author":7,"comment_status":"closed","ping_status":"closed","template":"","atbdp_listing_types":[106],"at_biz_dir-category":[100,88,82],"at_biz_dir-location":[],"at_biz_dir-tags":[],"class_list":["post-7175","at_biz_dir","type-at_biz_dir","status-publish","has-post-thumbnail","hentry","atbdp_listing_types-general","at_biz_dir-category-acabados-y-recubrimientos","at_biz_dir-category-arquitectura","at_biz_dir-category-pisos"],"aioseo_notices":[],"_links":{"self":[{"href":"https:\/\/www.habitatexpo.com\/negocios-247\/wp-json\/wp\/v2\/at_biz_dir\/7175","targetHints":{"allow":["GET"]}}],"collection":[{"href":"https:\/\/www.habitatexpo.com\/negocios-247\/wp-json\/wp\/v2\/at_biz_dir"}],"about":[{"href":"https:\/\/www.habitatexpo.com\/negocios-247\/wp-json\/wp\/v2\/types\/at_biz_dir"}],"author":[{"embeddable":true,"href":"https:\/\/www.habitatexpo.com\/negocios-247\/wp-json\/wp\/v2\/users\/7"}],"replies":[{"embeddable":true,"href":"https:\/\/www.habitatexpo.com\/negocios-247\/wp-json\/wp\/v2\/comments?post=7175"}],"wp:featuredmedia":[{"embeddable":true,"href":"https:\/\/www.habitatexpo.com\/negocios-247\/wp-json\/wp\/v2\/media\/7267"}],"wp:attachment":[{"href":"https:\/\/www.habitatexpo.com\/negocios-247\/wp-json\/wp\/v2\/media?parent=7175"}],"wp:term":[{"taxonomy":"atbdp_listing_types","embeddable":true,"href":"https:\/\/www.habitatexpo.com\/negocios-247\/wp-json\/wp\/v2\/atbdp_listing_types?post=7175"},{"taxonomy":"at_biz_dir-category","embeddable":true,"href":"https:\/\/www.habitatexpo.com\/negocios-247\/wp-json\/wp\/v2\/at_biz_dir-category?post=7175"},{"taxonomy":"at_biz_dir-location","embeddable":true,"href":"https:\/\/www.habitatexpo.com\/negocios-247\/wp-json\/wp\/v2\/at_biz_dir-location?post=7175"},{"taxonomy":"at_biz_dir-tags","embeddable":true,"href":"https:\/\/www.habitatexpo.com\/negocios-247\/wp-json\/wp\/v2\/at_biz_dir-tags?post=7175"}],"curies":[{"name":"wp","href":"https:\/\/api.w.org\/{rel}","templated":true}]}}

<p>Empresa mexicana líder en venta y distribución de materiales de construcción ligera y acabados. Contamos con: Panel de yeso, pastas, recubrimiento para paredes, pisos y techos, Panel Rey, Dens Glass Gold, Permabase, Durock, Cempanel, paneles de fibrocemento, entre muchos más productos.</p>
