{"id":7173,"date":"2026-04-10T14:20:59","date_gmt":"2026-04-10T20:20:59","guid":{"rendered":"https:\/\/www.habitatexpo.com\/negocios-247\/expositores\/central-220\/"},"modified":"2026-04-10T16:16:40","modified_gmt":"2026-04-10T22:16:40","slug":"central-220","status":"publish","type":"at_biz_dir","link":"https:\/\/www.habitatexpo.com\/negocios-247\/expositores\/central-220\/","title":{"rendered":"Central 220"},"content":{"rendered":"<p>Central220 es una marca mexicana de velas arom\u00e1ticas y aromatizantes para el hogar, creada para acompa\u00f1ar momentos de calma, conexi\u00f3n y equilibrio.<br \/>\nInspirados en la aromaterapia, nuestros aromas transforman espacios y emociones a trav\u00e9s de la luz, el aroma y la intenci\u00f3n.<\/p>\n","protected":false},"author":7,"comment_status":"closed","ping_status":"closed","template":"","atbdp_listing_types":[106],"at_biz_dir-category":[89,34],"at_biz_dir-location":[],"at_biz_dir-tags":[],"class_list":["post-7173","at_biz_dir","type-at_biz_dir","status-publish","has-post-thumbnail","hentry","atbdp_listing_types-general","at_biz_dir-category-diseno","at_biz_dir-category-mobiliario"],"aioseo_notices":[],"_links":{"self":[{"href":"https:\/\/www.habitatexpo.com\/negocios-247\/wp-json\/wp\/v2\/at_biz_dir\/7173","targetHints":{"allow":["GET"]}}],"collection":[{"href":"https:\/\/www.habitatexpo.com\/negocios-247\/wp-json\/wp\/v2\/at_biz_dir"}],"about":[{"href":"https:\/\/www.habitatexpo.com\/negocios-247\/wp-json\/wp\/v2\/types\/at_biz_dir"}],"author":[{"embeddable":true,"href":"https:\/\/www.habitatexpo.com\/negocios-247\/wp-json\/wp\/v2\/users\/7"}],"replies":[{"embeddable":true,"href":"https:\/\/www.habitatexpo.com\/negocios-247\/wp-json\/wp\/v2\/comments?post=7173"}],"wp:featuredmedia":[{"embeddable":true,"href":"https:\/\/www.habitatexpo.com\/negocios-247\/wp-json\/wp\/v2\/media\/7245"}],"wp:attachment":[{"href":"https:\/\/www.habitatexpo.com\/negocios-247\/wp-json\/wp\/v2\/media?parent=7173"}],"wp:term":[{"taxonomy":"atbdp_listing_types","embeddable":true,"href":"https:\/\/www.habitatexpo.com\/negocios-247\/wp-json\/wp\/v2\/atbdp_listing_types?post=7173"},{"taxonomy":"at_biz_dir-category","embeddable":true,"href":"https:\/\/www.habitatexpo.com\/negocios-247\/wp-json\/wp\/v2\/at_biz_dir-category?post=7173"},{"taxonomy":"at_biz_dir-location","embeddable":true,"href":"https:\/\/www.habitatexpo.com\/negocios-247\/wp-json\/wp\/v2\/at_biz_dir-location?post=7173"},{"taxonomy":"at_biz_dir-tags","embeddable":true,"href":"https:\/\/www.habitatexpo.com\/negocios-247\/wp-json\/wp\/v2\/at_biz_dir-tags?post=7173"}],"curies":[{"name":"wp","href":"https:\/\/api.w.org\/{rel}","templated":true}]}}

<p>Central220 es una marca mexicana de velas aromáticas y aromatizantes para el hogar, creada para acompañar momentos de calma, conexión y equilibrio.<br />
Inspirados en la aromaterapia, nuestros aromas transforman espacios y emociones a través de la luz, el aroma y la intención.</p>
