{"id":7172,"date":"2026-04-10T14:20:58","date_gmt":"2026-04-10T20:20:58","guid":{"rendered":"https:\/\/www.habitatexpo.com\/negocios-247\/expositores\/aromaesencia\/"},"modified":"2026-04-10T16:28:24","modified_gmt":"2026-04-10T22:28:24","slug":"aromaesencia","status":"publish","type":"at_biz_dir","link":"https:\/\/www.habitatexpo.com\/negocios-247\/expositores\/aromaesencia\/","title":{"rendered":"Aromaesencia"},"content":{"rendered":"<p>Aromaesencia ofrece marketing olfativo con fragancias premium y difusores de alta tecnolog\u00eda para hogares y negocios. Cuenta con m\u00e1s de 150 aromas que evocan emociones, refuerzan marcas y mejoran experiencias. Tambi\u00e9n brinda ambientaci\u00f3n arom\u00e1tica en comodato para empresas, con asistencia t\u00e9cnica presencial y personalizada.<\/p>\n","protected":false},"author":7,"comment_status":"closed","ping_status":"closed","template":"","atbdp_listing_types":[106],"at_biz_dir-category":[34],"at_biz_dir-location":[],"at_biz_dir-tags":[],"class_list":["post-7172","at_biz_dir","type-at_biz_dir","status-publish","has-post-thumbnail","hentry","atbdp_listing_types-general","at_biz_dir-category-mobiliario"],"aioseo_notices":[],"_links":{"self":[{"href":"https:\/\/www.habitatexpo.com\/negocios-247\/wp-json\/wp\/v2\/at_biz_dir\/7172","targetHints":{"allow":["GET"]}}],"collection":[{"href":"https:\/\/www.habitatexpo.com\/negocios-247\/wp-json\/wp\/v2\/at_biz_dir"}],"about":[{"href":"https:\/\/www.habitatexpo.com\/negocios-247\/wp-json\/wp\/v2\/types\/at_biz_dir"}],"author":[{"embeddable":true,"href":"https:\/\/www.habitatexpo.com\/negocios-247\/wp-json\/wp\/v2\/users\/7"}],"replies":[{"embeddable":true,"href":"https:\/\/www.habitatexpo.com\/negocios-247\/wp-json\/wp\/v2\/comments?post=7172"}],"wp:featuredmedia":[{"embeddable":true,"href":"https:\/\/www.habitatexpo.com\/negocios-247\/wp-json\/wp\/v2\/media\/7278"}],"wp:attachment":[{"href":"https:\/\/www.habitatexpo.com\/negocios-247\/wp-json\/wp\/v2\/media?parent=7172"}],"wp:term":[{"taxonomy":"atbdp_listing_types","embeddable":true,"href":"https:\/\/www.habitatexpo.com\/negocios-247\/wp-json\/wp\/v2\/atbdp_listing_types?post=7172"},{"taxonomy":"at_biz_dir-category","embeddable":true,"href":"https:\/\/www.habitatexpo.com\/negocios-247\/wp-json\/wp\/v2\/at_biz_dir-category?post=7172"},{"taxonomy":"at_biz_dir-location","embeddable":true,"href":"https:\/\/www.habitatexpo.com\/negocios-247\/wp-json\/wp\/v2\/at_biz_dir-location?post=7172"},{"taxonomy":"at_biz_dir-tags","embeddable":true,"href":"https:\/\/www.habitatexpo.com\/negocios-247\/wp-json\/wp\/v2\/at_biz_dir-tags?post=7172"}],"curies":[{"name":"wp","href":"https:\/\/api.w.org\/{rel}","templated":true}]}}

<p>Aromaesencia ofrece marketing olfativo con fragancias premium y difusores de alta tecnología para hogares y negocios. Cuenta con más de 150 aromas que evocan emociones, refuerzan marcas y mejoran experiencias. También brinda ambientación aromática en comodato para empresas, con asistencia técnica presencial y personalizada.</p>
