{"id":7169,"date":"2026-04-10T14:20:56","date_gmt":"2026-04-10T20:20:56","guid":{"rendered":"https:\/\/www.habitatexpo.com\/negocios-247\/expositores\/sundar-deco\/"},"modified":"2026-04-10T16:33:48","modified_gmt":"2026-04-10T22:33:48","slug":"sundar-deco","status":"publish","type":"at_biz_dir","link":"https:\/\/www.habitatexpo.com\/negocios-247\/expositores\/sundar-deco\/","title":{"rendered":"Sundar Deco"},"content":{"rendered":"<p>Curadur\u00eda y comercializaci\u00f3n de objetos decorativos de estilo moderno, atemporal y de car\u00e1cter minimalista.<\/p>\n","protected":false},"author":7,"comment_status":"closed","ping_status":"closed","template":"","atbdp_listing_types":[106],"at_biz_dir-category":[88,89,34],"at_biz_dir-location":[],"at_biz_dir-tags":[],"class_list":["post-7169","at_biz_dir","type-at_biz_dir","status-publish","has-post-thumbnail","hentry","atbdp_listing_types-general","at_biz_dir-category-arquitectura","at_biz_dir-category-diseno","at_biz_dir-category-mobiliario"],"aioseo_notices":[],"_links":{"self":[{"href":"https:\/\/www.habitatexpo.com\/negocios-247\/wp-json\/wp\/v2\/at_biz_dir\/7169","targetHints":{"allow":["GET"]}}],"collection":[{"href":"https:\/\/www.habitatexpo.com\/negocios-247\/wp-json\/wp\/v2\/at_biz_dir"}],"about":[{"href":"https:\/\/www.habitatexpo.com\/negocios-247\/wp-json\/wp\/v2\/types\/at_biz_dir"}],"author":[{"embeddable":true,"href":"https:\/\/www.habitatexpo.com\/negocios-247\/wp-json\/wp\/v2\/users\/7"}],"replies":[{"embeddable":true,"href":"https:\/\/www.habitatexpo.com\/negocios-247\/wp-json\/wp\/v2\/comments?post=7169"}],"wp:featuredmedia":[{"embeddable":true,"href":"https:\/\/www.habitatexpo.com\/negocios-247\/wp-json\/wp\/v2\/media\/7311"}],"wp:attachment":[{"href":"https:\/\/www.habitatexpo.com\/negocios-247\/wp-json\/wp\/v2\/media?parent=7169"}],"wp:term":[{"taxonomy":"atbdp_listing_types","embeddable":true,"href":"https:\/\/www.habitatexpo.com\/negocios-247\/wp-json\/wp\/v2\/atbdp_listing_types?post=7169"},{"taxonomy":"at_biz_dir-category","embeddable":true,"href":"https:\/\/www.habitatexpo.com\/negocios-247\/wp-json\/wp\/v2\/at_biz_dir-category?post=7169"},{"taxonomy":"at_biz_dir-location","embeddable":true,"href":"https:\/\/www.habitatexpo.com\/negocios-247\/wp-json\/wp\/v2\/at_biz_dir-location?post=7169"},{"taxonomy":"at_biz_dir-tags","embeddable":true,"href":"https:\/\/www.habitatexpo.com\/negocios-247\/wp-json\/wp\/v2\/at_biz_dir-tags?post=7169"}],"curies":[{"name":"wp","href":"https:\/\/api.w.org\/{rel}","templated":true}]}}

<p>Curaduría y comercialización de objetos decorativos de estilo moderno, atemporal y de carácter minimalista.</p>
