{"id":7165,"date":"2026-04-10T14:20:54","date_gmt":"2026-04-10T20:20:54","guid":{"rendered":"https:\/\/www.habitatexpo.com\/negocios-247\/expositores\/corazonadas-mexico\/"},"modified":"2026-04-10T16:39:52","modified_gmt":"2026-04-10T22:39:52","slug":"corazonadas-mexico","status":"publish","type":"at_biz_dir","link":"https:\/\/www.habitatexpo.com\/negocios-247\/expositores\/corazonadas-mexico\/","title":{"rendered":"CORAZONADAS M\u00c9XICO"},"content":{"rendered":"<p>Corazonadas M\u00e9xico, empresa que se dedica al desarrollo de arte creado por el artista pl\u00e1stico Andr\u00e9s Fern\u00e1ndez,en diferentes formatos, tanto para la decoraci\u00f3n en interiores como para ilustraci\u00f3n, moda y arte objeto utilitario. Una empresa divertida y joven que propone de manera creativa y original,manifestar las emociones a trav\u00e9s del arte-objeto<\/p>\n","protected":false},"author":7,"comment_status":"closed","ping_status":"closed","template":"","atbdp_listing_types":[106],"at_biz_dir-category":[89],"at_biz_dir-location":[],"at_biz_dir-tags":[],"class_list":["post-7165","at_biz_dir","type-at_biz_dir","status-publish","has-post-thumbnail","hentry","atbdp_listing_types-general","at_biz_dir-category-diseno"],"aioseo_notices":[],"_links":{"self":[{"href":"https:\/\/www.habitatexpo.com\/negocios-247\/wp-json\/wp\/v2\/at_biz_dir\/7165","targetHints":{"allow":["GET"]}}],"collection":[{"href":"https:\/\/www.habitatexpo.com\/negocios-247\/wp-json\/wp\/v2\/at_biz_dir"}],"about":[{"href":"https:\/\/www.habitatexpo.com\/negocios-247\/wp-json\/wp\/v2\/types\/at_biz_dir"}],"author":[{"embeddable":true,"href":"https:\/\/www.habitatexpo.com\/negocios-247\/wp-json\/wp\/v2\/users\/7"}],"replies":[{"embeddable":true,"href":"https:\/\/www.habitatexpo.com\/negocios-247\/wp-json\/wp\/v2\/comments?post=7165"}],"wp:featuredmedia":[{"embeddable":true,"href":"https:\/\/www.habitatexpo.com\/negocios-247\/wp-json\/wp\/v2\/media\/7355"}],"wp:attachment":[{"href":"https:\/\/www.habitatexpo.com\/negocios-247\/wp-json\/wp\/v2\/media?parent=7165"}],"wp:term":[{"taxonomy":"atbdp_listing_types","embeddable":true,"href":"https:\/\/www.habitatexpo.com\/negocios-247\/wp-json\/wp\/v2\/atbdp_listing_types?post=7165"},{"taxonomy":"at_biz_dir-category","embeddable":true,"href":"https:\/\/www.habitatexpo.com\/negocios-247\/wp-json\/wp\/v2\/at_biz_dir-category?post=7165"},{"taxonomy":"at_biz_dir-location","embeddable":true,"href":"https:\/\/www.habitatexpo.com\/negocios-247\/wp-json\/wp\/v2\/at_biz_dir-location?post=7165"},{"taxonomy":"at_biz_dir-tags","embeddable":true,"href":"https:\/\/www.habitatexpo.com\/negocios-247\/wp-json\/wp\/v2\/at_biz_dir-tags?post=7165"}],"curies":[{"name":"wp","href":"https:\/\/api.w.org\/{rel}","templated":true}]}}

CORAZONADAS MÉXICO

<p>Corazonadas México, empresa que se dedica al desarrollo de arte creado por el artista plástico Andrés Fernández,en diferentes formatos, tanto para la decoración en interiores como para ilustración, moda y arte objeto utilitario. Una empresa divertida y joven que propone de manera creativa y original,manifestar las emociones a través del arte-objeto</p>
