{"id":7154,"date":"2026-04-10T14:20:49","date_gmt":"2026-04-10T20:20:49","guid":{"rendered":"https:\/\/www.habitatexpo.com\/negocios-247\/expositores\/el-espejo-de-frida-m\/"},"modified":"2026-04-10T17:01:22","modified_gmt":"2026-04-10T23:01:22","slug":"el-espejo-de-frida-m","status":"publish","type":"at_biz_dir","link":"https:\/\/www.habitatexpo.com\/negocios-247\/expositores\/el-espejo-de-frida-m\/","title":{"rendered":"El Espejo de Frida M"},"content":{"rendered":"<p>Somos una empresa dedicada a la elaboraci\u00f3n de espejos personalizados. Dise\u00f1amos espejos que van m\u00e1s all\u00e1 de la simple reflexi\u00f3n, creando piezas \u00fanicas y exclusivas que transforman tus espacios.<br \/>\nQue hacemos?<br \/>\nFabricamos a la medida.<br \/>\nDise\u00f1os modernos, elegantes y llamativos.<br \/>\nPensados para espacios comerciales, y residenciales.<br \/>\nMateriales SAINT-GOB<\/p>\n","protected":false},"author":7,"comment_status":"closed","ping_status":"closed","template":"","atbdp_listing_types":[106],"at_biz_dir-category":[100,88,89],"at_biz_dir-location":[],"at_biz_dir-tags":[],"class_list":["post-7154","at_biz_dir","type-at_biz_dir","status-publish","has-post-thumbnail","hentry","atbdp_listing_types-general","at_biz_dir-category-acabados-y-recubrimientos","at_biz_dir-category-arquitectura","at_biz_dir-category-diseno"],"aioseo_notices":[],"_links":{"self":[{"href":"https:\/\/www.habitatexpo.com\/negocios-247\/wp-json\/wp\/v2\/at_biz_dir\/7154","targetHints":{"allow":["GET"]}}],"collection":[{"href":"https:\/\/www.habitatexpo.com\/negocios-247\/wp-json\/wp\/v2\/at_biz_dir"}],"about":[{"href":"https:\/\/www.habitatexpo.com\/negocios-247\/wp-json\/wp\/v2\/types\/at_biz_dir"}],"author":[{"embeddable":true,"href":"https:\/\/www.habitatexpo.com\/negocios-247\/wp-json\/wp\/v2\/users\/7"}],"replies":[{"embeddable":true,"href":"https:\/\/www.habitatexpo.com\/negocios-247\/wp-json\/wp\/v2\/comments?post=7154"}],"wp:featuredmedia":[{"embeddable":true,"href":"https:\/\/www.habitatexpo.com\/negocios-247\/wp-json\/wp\/v2\/media\/7437"}],"wp:attachment":[{"href":"https:\/\/www.habitatexpo.com\/negocios-247\/wp-json\/wp\/v2\/media?parent=7154"}],"wp:term":[{"taxonomy":"atbdp_listing_types","embeddable":true,"href":"https:\/\/www.habitatexpo.com\/negocios-247\/wp-json\/wp\/v2\/atbdp_listing_types?post=7154"},{"taxonomy":"at_biz_dir-category","embeddable":true,"href":"https:\/\/www.habitatexpo.com\/negocios-247\/wp-json\/wp\/v2\/at_biz_dir-category?post=7154"},{"taxonomy":"at_biz_dir-location","embeddable":true,"href":"https:\/\/www.habitatexpo.com\/negocios-247\/wp-json\/wp\/v2\/at_biz_dir-location?post=7154"},{"taxonomy":"at_biz_dir-tags","embeddable":true,"href":"https:\/\/www.habitatexpo.com\/negocios-247\/wp-json\/wp\/v2\/at_biz_dir-tags?post=7154"}],"curies":[{"name":"wp","href":"https:\/\/api.w.org\/{rel}","templated":true}]}}

<p>Somos una empresa dedicada a la elaboración de espejos personalizados. Diseñamos espejos que van más allá de la simple reflexión, creando piezas únicas y exclusivas que transforman tus espacios.<br />
Que hacemos?<br />
Fabricamos a la medida.<br />
Diseños modernos, elegantes y llamativos.<br />
Pensados para espacios comerciales, y residenciales.<br />
Materiales SAINT-GOB</p>
